False
Is 9731 composite?
True
Is 2279 a prime number?
False
Is 122663 composite?
False
Is 85991 prime?
True
Is 478523 prime?
True
Is 12785 a prime number?
False
Is 37747 a prime number?
True
Is 15931 composite?
True
Is 61867 a composite number?
True
Is 697 prime?
False
Is 14809 composite?
True
Is 2885 a prime number?
False
Is 175387 a composite number?
True
Is 8997 prime?
False
Is 13291 a prime number?
True
Is 24019 composite?
False
Is 4499 a composite number?
True
Is 869035 prime?
False
Is 245405 a composite number?
True
Is 7985 prime?
False
Is 53147 prime?
True
Is 5339 a composite number?
True
Is 30631 prime?
True
Is 118571 a composite number?
False
Is 235623 composite?
True
Is 1517 prime?
False
Is 359791 a prime number?
False
Is 799 a prime number?
False
Is 37781 a prime number?
True
Is 20578 prime?
False
Is 28343 a composite number?
True
Is 1181 a composite number?
False
Is 97663 a prime number?
False
Is 168239 composite?
True
Is 212469 a prime number?
False
Is 34603 a composite number?
False
Is 263 composite?
False
Is 11051 a composite number?
True
Is 31387 prime?
True
Is 1007434 prime?
False
Is 79031 a prime number?
True
Is 77471 composite?
False
Is 38993 prime?
True
Is 354205 a prime number?
False
Is 50987 prime?
False
Is 9011 a prime number?
True
Is 6121 prime?
True
Is 109403 a prime number?
False
Is 17735 a prime number?
False
Is 144661 composite?
True
Is 48731 a prime number?
True
Is 155503 a composite number?
True
Is 2609 composite?
False
Is 65281 prime?
False
Is 7103 a composite number?
False
Is 204119 a prime number?
False
Is 445 composite?
True
Is 4663 prime?
True
Is 549889 a prime number?
False
Is 890567 a composite number?
True
Is 188519 a composite number?
False
Is 59611 composite?
False
Is 6274 a composite number?
True
Is 2155 prime?
False
Is 39361 prime?
False
Is 181079 a composite number?
True
Is 3491 prime?
True
Is 61973 composite?
True
Is 2099 composite?
False
Is 4621 composite?
False
Is 4327 a composite number?
False
Is 2254907 composite?
False
Is 25061 a prime number?
False
Is 40009 composite?
False
Is 164503 a prime number?
True
Is 26395 a prime number?
False
Is 12991 a prime number?
False
Is 78829 prime?
False
Is 282949 composite?
True
Is 22961 a prime number?
True
Is 11777 composite?
False
Is 6343 prime?
True
Is 980603 prime?
False
Is 6449 a prime number?
True
Is 8311 composite?
False
Is 10214 a composite number?
True
Is 259683 a prime number?
False
Is 75653 a composite number?
False
Is 86069 prime?
True
Is 671 a composite number?
True
Is 2609 composite?
False
Is 139739 a prime number?
True
Is 6239 a prime number?
False
Is 821767 composite?
True
Is 34053 a prime number?
False
Is 223439 a prime number?
True
Is 57871 composite?
True
Is 4561 a prime number?
True
Is 364739 prime?
True
Is 8641 prime?
True
Is 4561 prime?
True
Is 127103 a prime number?
True
Is 2002723 a composite number?
False
Is 8857 a prime number?
False
Is 3943 a composite number?
False
Is 41989 a composite number?
True
Is 28151 a prime number?
True
Is 238955 composite?
True
Is 410029 composite?
False
Is 32321 prime?
True
Is 5557 a composite number?
False
Is 9233 a composite number?
True
Is 27221 prime?
False
Is 124633 a composite number?
False
Is 55753 composite?
True
Is 1564106 composite?
True
Is 279023 composite?
False
Is 21327 composite?
True
Is 83491 composite?
True
Is 16078 a prime number?
False
Is 4007 composite?
False
Is 457 prime?
True
Is 249181 composite?
False
Is 2243359 composite?
False
Is 1743879 composite?
True
Is 13661 a composite number?
True
Is 62593 prime?
False
Is 3928803 a prime number?
False
Is 87553 prime?
True
Is 67291 a prime number?
False
Is 1378187 a composite number?
False
Is 1203653 prime?
False
Is 3780463 prime?
False
Is 1949 prime?
True
Is 450283 a composite number?
True
Is 170615 a composite number?
True
Is 2659 prime?
True
Is 32531 composite?
False
Is 192957 a composite number?
True
Is 2863 a composite number?
True
Is 173643 prime?
False
Is 16507 a composite number?
True
Is 7265 prime?
False
Is 189087 composite?
True
Is 65677 a composite number?
False
Is 137777 composite?
False
Is 81595 prime?
False
Is 12353 composite?
True
Is 797 composite?
False
Is 357967 composite?
False
Is 20861 a composite number?
True
Is 2843 a prime number?
True
Is 156917 prime?
False
Is 942067 prime?
False
Is 123053 prime?
False
Is 10651 a prime number?
True
Is 20129 prime?
True
Is 150323 a prime number?
True
Is 7753 a prime number?
True
Is 273739 a prime number?
True
Is 83938 composite?
True
Is 11071 composite?
False
Is 29071 a composite number?
True
Is 38197 a prime number?
True
Is 38207 prime?
False
Is 1762999 composite?
True
Is 382 prime?
False
Is 330271 a composite number?
False
Is 309199 prime?
False
Is 64621 prime?
True
Is 1555367 a prime number?
False
Is 42989 prime?
True
Is 31111 a prime number?
False
Is 166781 composite?
False
Is 37951 prime?
True
Is 2999 prime?
True
Is 394 a composite number?
True
Is 2921 a prime number?
False
Is 1535 prime?
False
Is 23906 prime?
False
Is 19561 composite?
True
Is 150713 composite?
True
Is 13517 prime?
False
Is 31459 prime?
False
Is 23099 prime?
True
Is 52433 a composite number?
False
Is 246751 a prime number?
False
Is 158951 prime?
False
Is 76745 a prime number?
False
Is 381237 prime?
False
Is 18137 a composite number?
True
Is 134515 prime?
False
Is 3387 composite?
True
Is 157559 a composite number?
False
Is 6046543 composite?
True
Is 40009 prime?
True
Is 633503 composite?
True
Is 811 composite?
False
Is 44683 composite?
False
Is 3317 composite?
True
Is 35839 composite?
False
Is 93395 composite?
True
Is 813083 a composite number?
False
Is 107441 a prime number?
True
Is 633 a prime number?
False
Is 1084723 a composite number?
False
Is 24761 a composite number?
True
Is 68041 prime?
True
Is 77915 prime?
False
Is 68345 composite?
True
Is 10061 prime?
True
Is 2599 prime?
False
Is 27802 composite?
True
Is 420587 composite?
True
Is 4861 composite?
False
Is 616891 a prime number?
False
Is 18638 a composite number?
True
Is 814661 composite?
True
Is 263 prime?
True
Is 252313 prime?
True
Is 2117 a prime number?
False
Is 3269 composite?
True
Is 22853 a composite number?
False
Is 139647 composite?
True
Is 55009 a prime number?
True
Is 95879 a prime number?
False
Is 33373 prime?
False
Is 5438 prime?
False
Is 6229 composite?
False
Is 5541 composite?
True
Is 83837 a composite number?
True
Is 111029 a prime number?
True
Is 293041 a composite number?
True
Is 8013 a prime number?
False
Is 84671 composite?
True
Is 16477 a prime number?
True
Is 27179 a prime number?
True
Is 611691 a prime number?
False
Is 1293 a composite number?
True
Is 1653891 prime?
False
Is 3307 composite?
False
Is 7915 prime?
False
Is 161963 composite?
True
Is 57473 prime?
False
Is 26177 prime?
True
Is 3983 prime?
False
Is 64937 prime?
True
Is 13093 prime?
True
Is 37951 a composite number?
False
Is 54221 composite?
True
Is 467063 a prime number?
True
Is 48629 a prime number?
False
Is 2602429 a composite number?
False
Is 196493 a prime number?
False
Is 687223 a prime number?
True
Is 4271 a composite number?
False
Is 16574 prime?
False
Is 4497 composite?
True
Is 159931 a prime number?
True
Is 50021 a prime number?
True
Is 25274 a composite number?
True
Is 232669 a composite number?
False
Is 19931 composite?
True
Is 149647 a prime number?
False
Is 75793 prime?
True
Is 153785 a composite number?
True
Is 419555 a prime number?
False
Is 5614049 composite?
True
Is 1768087 a composite number?
True
Is 8147 prime?
True
Is 1067 a prime number?
False
Is 7901 prime?
True
Is 306809 prime?
True
Is 1067 a prime number?
False
Is 1409 composite?
False
Is 21269 a prime number?
True
Is 434755 a prime number?
False
Is 379451 composite?
False
Is 70937 composite?
False
Is 1141661 prime?
True
Is 7069 prime?
True
Is 4037 composite?
True
Is 241579 prime?
False
Is 7787 a prime number?
False
Is 66401 prime?
False
Is 301947 prime?
False
Is 486205 a prime number?
False
Is 235483 a prime number?
True
Is 583 composite?
True
Is 110017 prime?
True
Is 355769 prime?
False
Is 91937 a prime number?
False
Is 49753 composite?
True
Is 105743 a prime number?
False
Is 9233 composite?
True
Is 36197 a composite number?
True
Is 479561 prime?
True
Is 15859 prime?
True
Is 88721 prime?
True
Is 14